ime factors of -3 + s/3 + 17.
17
Let c(b) be the third derivative of -b**6/720 + b**5/30 - b**4/24 - 2*b**2. Let s(r) be the second derivative of c(r). What are the prime factors of s(0)?
2
Let l = -41 + 25. Let n = l - -40. What are the prime factors of n?
2, 3
Let n = 15 + 14. What are the prime factors of n?
29
Let r(x) = -2*x + 18. What are the prime factors of r(-7)?
2
Let n(m) = -32 + 3*m - 2*m**2 + 13 - 3*m**3 + 16. List the prime factors of n(-3).
3, 17
Suppose 3*p - 13 = 2. What are the prime factors of p?
5
Let f = 11 - 17. What are the prime factors of (-49)/(-2) - f/4?
2, 13
Let m(q) = -3*q + 3. Let z be m(2). Let j(s) = -s**3 - 7*s**2 + 2*s + 8. Let g be j(-7). List the prime factors of g/9 - 38/z.
2, 3
Let s be (-3)/(0 - (-9)/(-138)). Suppose 2*m - 3*c - s = -0*m, -4*m = -3*c - 104. What are the prime factors of m?
29
Suppose 2*l - 26 = 2*p, 56 = 4*l + 4*p - 12. What are the prime factors of l?
3, 5
Let i(y) = -y**3 + 12*y**2 - 9*y + 2. What are the prime factors of i(4)?
2, 47
Let g(f) = f**2 - 7*f + 4. Let t be g(7). Suppose 0 = -2*d + t*d - 6. Suppose 0 = u - 3 - d. List the prime factors of u.
2, 3
Let x(o) = 10*o - 15. What are the prime factors of x(30)?
3, 5, 19
Suppose 4*q = q + 102. List the prime factors of q.
2, 17
Let u(g) be the first derivative of g**3/3 - 3*g**2/2 + 11*g + 8. List the prime factors of u(4).
3, 5
Let p = 1 + 4. Suppose 0 = 3*c - c - 38. Suppose s - 16 - 1 = -2*j, j + c = p*s. What are the prime factors of j?
2, 3
Suppose 2*c + 4*s = -0*s - 22, -15 = 2*c - 3*s. Let n = c - -16. What are the prime factors of n?
7
Suppose 4*q - 16 = 2*r - q, -4*r + 28 = 5*q. Suppose -r*d - 24 = -4*d. List the prime factors of d.
2, 3
List the prime factors of (-1340)/(-14) - -3*10/105.
2, 3
Let o(p) = -6*p - 10. Let r(u) = u + 1. Let x(z) = o(z) + 10*r(z). Let q be x(6). Suppose 15 = -4*j - j, 2*j - q = -5*l. List the prime factors of l.
2, 3
Suppose -2*x - x + 15 = 0. Suppose x*k - 2*p = 114, 5*p - 11 - 4 = 0. Suppose -2*t - k = -4*t. List the prime factors of t.
2, 3
Suppose 5*l + l = 24. Let g = 12 - l. List the prime factors of g.
2
Let x(l) = 4*l + 1. Suppose -4*q - 3*b = -0*b - 37, -3*q = 3*b - 30. What are the prime factors of x(q)?
29
Suppose 2*n = -s, -n + 6 - 3 = 2*s. Let l(y) = s - 4*y - 1 - 5. What are the prime factors of l(-3)?
2
Suppose -4*z - 576 = -12*z. What are the prime factors of z?
2, 3
Let d(s) = 4*s**2 - 2*s + 1. Let m be (-1 + 1)/(-2 + 0). Let h = 1 + m. List the prime factors of d(h).
3
Let c = 62 - 32. Let g = -16 + c. List the prime factors of g.
2, 7
Let g(z) = z**3 + 9*z**2 - 12*z - 5. Let n be g(-10). Suppose 3*b = -2*b - n, 0 = f - 4*b - 16. Suppose -20 = -f*v + 28. List the prime factors of v.
2, 3
Let t(l) be the first derivative of l**3/3 + l - 2. Let j be t(2). Suppose j = o - 2. What are the prime factors of o?
7
Let i be 18/12*(-4)/(-6). Let w be 12/54 + (-34)/(-9). What are the prime factors of w - (i - 1 - -2)?
2
What are the prime factors of -1*(5 - 4)*-43?
43
Suppose 3*m - k - 11 = 0, 3*k - k + 8 = -m. Let z = 4 - m. Suppose 2*d + 15 = 5*p, 3*p - z*d = 2 + 3. What are the prime factors of p?
5
Let t(l) be the first derivative of l**2/2 + 18*l - 2. What are the prime factors of t(-8)?
2, 5
Suppose -23*g = -20*g - 207. List the prime factors of g.
3, 23
Let p(m) = -m - 1. Let o(w) = 4*w + 3. Let f(i) = 6*o(i) + 17*p(i). What are the prime factors of f(6)?
43
Suppose -15 = -2*m - 3*m. Suppose -m*v = -5*v + 34. List the prime factors of v.
17
Suppose -3*i = -5*i + 82. Let w(s) = s**2 - 10*s - 4. Let y be w(5). Let l = i + y. List the prime factors of l.
2, 3
Suppose n + 0*n + 9 = 0. Let w = 35 + n. List the prime factors of w.
2, 13
Let p(q) = -q**3 - 5*q**2 - 3*q + 1. Suppose -2*f = -x + 8, -2*x = -3*f - 4*x - 19. Let h be p(f). Suppose 2*k - h = -2*k. List the prime factors of k.
2
Suppose 6*f = -4*k + f + 80, -5*f + 60 = 3*k. What are the prime factors of k?
2, 5
Let r be -10*(55/2)/5. Let k = -33 - r. List the prime factors of k.
2, 11
What are the prime factors of (-3628)/(-20) - (-8)/(-20)?
181
Let g = -30 + 37. What are the prime factors of g?
7
Suppose 0 = -2*u - o + 73, -3*u + o = u - 155. Let n be -39*1*4/6. Let c = n + u. List the prime factors of c.
2, 3
List the prime factors of (803/(-2) + 1)*(-100)/150.
3, 89
Suppose 5*f - 26 - 79 = 0. List the prime factors of f.
3, 7
Suppose 3*h + 5*u - 66 = u, 5*u = 5*h - 110. What are the prime factors of h?
2, 11
Let n be 2/4 - (-12)/8. Let w = 2 + n. Suppose 3*g = -w*y - 0*y + 36, 24 = 2*g - 3*y. List the prime factors of g.
2, 3
Let t be 1 + 1/(2/18). Let y = t + 12. What are the prime factors of y?
2, 11
Suppose -p + 0*p + 104 = -5*x, 0 = -p + 3*x + 94. What are the prime factors of p?
79
Let t be (2/5)/(1/190). Suppose 4*k - 8*k = -t. List the prime factors of k.
19
What are the prime factors of 62*1 + -13 + 10?
59
Let n(y) = -4 + 12*y - 6 - y**2 + 0. Let c be -10 - -21 - (-1 + 2). List the prime factors of n(c).
2, 5
Suppose 15 + 6 = 3*m. Let t = 1 + 1. Suppose -m*u + t*u = -15. What are the prime factors of u?
3
Let j(v) = -4 + 3 + 2*v**2 - 5*v**3 + 13*v**3. Let g be 3/(-12) - (-5)/4. List the prime factors of j(g).
3
Let j(n) = n**2 + 9*n + 12. Let y be j(-8). Suppose 2 = -f, 0 = y*c + f - 4 - 10. List the prime factors of c.
2
Let m(k) be the first derivative of -k**3/6 + 6*k**2 + k - 2. Let n(u) be the first derivative of m(u). What are the prime factors of n(5)?
7
Suppose -2 = 3*i + 1. Let l = i - -3. Suppose 3*s = -2*y + l, y + 3 + 3 = 2*s. List the prime factors of s.
2
Let k(m) = -12*m - 1. What are the prime factors of k(-1)?
11
Suppose 0*g = 3*p - g - 466, -2*p + g = -309. What are the prime factors of p?
157
Suppose 2*g - 5*g + 15 = 0. Suppose g = -2*v + 43. List the prime factors of v.
19
Suppose -3*r - 15 = -2*i, -5*i - r - 20 = 3*r. Suppose i = -2*y - 7*g + 2*g - 1, -34 = 5*y + 2*g. List the prime factors of 1 - y - (-2 + 4).
7
Suppose 632 = -2*k - 2*k. List the prime factors of k/(-8) + 2/8.
2, 5
Suppose -3 = -5*f - 4*n, 2*f + n = 4 - 1. Suppose -f*g - o = -35, -o = -2*g + o + 18. List the prime factors of g.
11
Let u(r) = r**2 - 2*r. Suppose 0 = 5*w - 20, 4*c - w = -2*w - 16. What are the prime factors of u(c)?
5, 7
Let g(d) = d - 8. Let n be g(-9). Suppose -2*w + 84 = -5*w. Let q = n - w. What are the prime factors of q?
11
Suppose n + 30 = 6*n. Suppose -54 = -4*x + 3*o, -2*o + n = -5*o. List the prime factors of x.
2, 3
Suppose 3*g = 35 - 8. List the prime factors of g.
3
Let r(y) = -5 + 3*y + 8 - 5*y + y. Let j be r(3). Suppose -22 = -j*n - 2*n. List the prime factors of n.
11
Suppose 4*f - 4 = -12. List the prime factors of f*17/8*-4.
17
Suppose 3*x = 6*x - 2*n - 420, 0 = 5*x + n - 700. List the prime factors of x.
2, 5, 7
Let d(a) = a**2 + 13*a - 2. Let k be d(-8). List the prime factors of (1 - 0)*(-5 - k).
37
Suppose -3*s + 4*r + 188 = -0*r, -3*s + 153 = 3*r. List the prime factors of s.
2, 7
Let l(x) = 9*x**2 + 2*x + 3. Let c be l(-2). Suppose 0 = -5*u - c - 65. Let d = -2 - u. What are the prime factors of d?
2, 3
Suppose 0*b = -4*b + 52. Let s = b + -3. List the prime factors of s.
2, 5
Let c(y) = -y + 1. Suppose 3*q = -4*z - 17, -z + 6 = -3*z - 4*q. List the prime factors of c(z).
2, 3
Suppose 12 = 4*u - 12. List the prime factors of (6/(-4))/((-3)/u).
3
Let c = 29 - 41. Suppose 0 = -5*o - 3*k + 108, 0*k + k = -4. Let y = o + c. List the prime factors of y.
2, 3
Let r(g) = 15*g - 6. Let m be r(3). Let o = 55 - m. What are the prime factors of o?
2
Let g(o) be the first derivative of o**5/10 + o**4/12 - o**3/6 - o**2/2 - 2. Let b(w) be the second derivative of g(w). List the prime factors of b(-2).
19
Let z = 290 + -130. Suppose 3*g - z = -5*k, 8*g = -2*k + 3*g + 45. What are the prime factors of k?
5, 7
Let f(b) = -b**2 + 5*b + 8. Let c be f(6). Let s(v) = -5*v - 4*v**2 + 5 + 5*v**2 - c. List the prime factors of s(5).
3
Suppose -5*k = -3*n - 77, -4*k = -k + 4*n - 23. Let s = -2 + k. List the prime factors of s.
11
Suppose -2*s = -2, 3*b - 3 = -b + 5*s. Suppose -2*j + 2*o = 0, b*o = -0*o + 4. Suppose z - 3 - j = 0. What are the prime factors of z?
5
Suppose 7*u - 2*u - 15 = 0. Suppose u*m + 76 = -3*v + 4*m, -3*m = -4*v - 103. Let s = 44 + v. What are the prime factors of s?
19
What are the pr